ate the highest common divisor of 15 and i.
15
Suppose -42*j + 7271 = -15*j - 19783. Calculate the greatest common factor of 5344 and j.
334
Let n be (-4 - -3)/(2/(-72)). Let u(y) = -2*y + 53. Let g be u(23). Suppose -48 - n = -g*d. What is the greatest common factor of d and 36?
12
Let x be ((-27)/36)/((-2)/48). Let c = 30 - 21. Suppose 2*p + 5 = c. Calculate the highest common factor of p and x.
2
Let h = 168 + -166. Suppose -j + 15 = s, -h*j - 2*s = -j - 10. Calculate the greatest common factor of 8 and j.
4
Let m = 3697 + -870. Calculate the greatest common divisor of 11 and m.
11
Let q(r) = 123*r - 5246. Let k be q(46). Calculate the highest common factor of 2163 and k.
103
Let w(z) = -2*z**3 - 18 + 4*z**2 - 9*z**2 - 5*z + 22. Let q be w(-4). Calculate the greatest common divisor of q and 144.
72
Let x be 7*(-6344)/(-455) + 2/5. Calculate the highest common factor of x and 3.
1
Let k(o) = o**3 - 3*o**2 - 5*o + 30. Let i be k(0). Suppose 2251 = i*f - 269. Calculate the highest common factor of f and 28.
28
Let g be 14448/252 - (-2)/(-6). Suppose 0 = 2*z - z - 5. Suppose 5*q - 3*q = -z*h + 56, 0 = q - 3*h - 50. What is the greatest common divisor of g and q?
19
Suppose -14*h = -27*h + h. Suppose h = 10*x + 4*x - 14. What is the highest common divisor of 13 and x?
1
Let b(x) be the third derivative of -4*x**4/3 - 75*x**3/2 + 7*x**2 - 5*x. Let p be b(-8). What is the greatest common divisor of p and 186?
31
Let a be -4 + -1 + (330 - 1). Suppose 3*q = 72 + a. Calculate the highest common divisor of q and 99.
33
Suppose 19*t - 130634 = -13*t - 17*t. Calculate the highest common divisor of 215 and t.
43
Let j(v) be the third derivative of -v**6/60 - 23*v**5/60 + 5*v**4/24 - v**3 - 15*v**2 + v. Let i be j(-12). What is the highest common factor of i and 91?
13
Let w be (-18)/(-117) - (-258)/13. Let n(v) = 3*v - 1. Let a be n(-2). Let b be 97 + 1 + (-14)/a. What is the greatest common factor of b and w?
20
Let i = 892 - 1251. Let y = i - -390. Let p(v) = 18*v**2 + 2*v - 1. Let a be p(-4). What is the greatest common factor of a and y?
31
Let u(z) = 2*z + 3. Let p be 2 + 6/(-1 - 2). Let j be u(p). Suppose 5*v = 72 + j. Calculate the highest common factor of v and 5.
5
Let i be (-3 + 9 + 4/2)*3. Suppose 0 = -5*k - i + 79. What is the highest common divisor of 99 and k?
11
Let s(t) = -t**3 - 5*t**2 - 8*t - 1. Suppose -5*g = 5*d + 25, -5*g = -6*g + d - 3. Let j be s(g). Calculate the highest common factor of 165 and j.
15
Let d = -526 + 517. Let g be -21*(d - -12 - (-48)/(-14)). What is the greatest common factor of 42 and g?
3
Suppose -i - 74*u + 50 = -71*u, 3*i - 2*u = 73. What is the greatest common divisor of 3277 and i?
29
Let k = 19 - 18. Let m(o) = 11*o - 5 + 15*o - 3*o + 8*o. Let j be m(k). What is the highest common factor of 208 and j?
26
Let v be (-118)/(((-2)/(-582))/((-47)/282)). Calculate the highest common divisor of 531 and v.
59
Let f = -28 + -91. Let n = 795 + f. Let d be (6/(-4))/((-39)/n). Calculate the greatest common factor of d and 130.
26
Let p(s) = s**3 - 2*s**2 - 8*s - 1. Let u be p(-5). Let m = -122 - u. Let z = 49 - 21. Calculate the highest common divisor of m and z.
14
Let n be 4*1/(-3) + -2 + 804/9. Calculate the highest common divisor of 2752 and n.
86
Suppose -40 - 110 = -6*d. Suppose 21*o - 19*o + 41 = j, -j + d = 2*o. What is the highest common factor of 11 and j?
11
Let f = 14822 + -14815. Suppose n + 3 = -2*n. Let h be ((-4)/10)/(n/35). What is the highest common factor of f and h?
7
Let s = 14376 + -14103. What is the highest common divisor of 91 and s?
91
Suppose -z + 5*i + 150 = 0, 5*i - 8*i = -3*z + 450. Calculate the greatest common divisor of z and 20.
10
Let d be (33/8*-10)/((-4)/(-32)). Let l = d + 337. What is the greatest common divisor of l and 28?
7
Let c(t) = -7*t**2 - 62*t + 11. Let l be c(-6). Let f = 361 + l. What is the highest common divisor of f and 12?
12
Let x(b) = b**3 - 135*b**2 + 1939*b - 95. Let r be x(16). Let p(o) = 6*o**2 + 3*o + 6. Let m be p(-7). Calculate the greatest common divisor of r and m.
93
Let y be (-4)/((11 + 6)/(-17)). What is the greatest common divisor of y and 404?
4
Let s = -283 - -285. Let t be (4/6)/(6/54). Let a be (2/t + -3)/(s/(-6)). Calculate the highest common divisor of 20 and a.
4
Let g = 138879 - 138832. Let x be (5 + -6)/(2/(-282)). What is the greatest common divisor of g and x?
47
Suppose -9*n - 10*n + 490 = -12*n. What is the greatest common factor of n and 15610?
70
Let n be ((-736)/(-6))/(-8)*(10215/(-6))/5. What is the highest common divisor of 1589 and n?
227
Suppose -65 = -2*k + 161. Suppose k + 127 = 4*n. Suppose 2*h + 5*c = 7 + 8, 2*h - c = 33. Calculate the greatest common divisor of h and n.
15
Let h = 320 - 254. Suppose -84 = -3*p - h. What is the greatest common factor of p and 18?
6
Let j(l) = -629*l**3 + 4*l**2 + l - 2. Suppose 0 = -4*u + 30*u + 26. Let f be j(u). Calculate the greatest common factor of 36 and f.
18
Let b = -26 + 30. Suppose 0*y - 3*p = b*y - 664, -3*y - 2*p = -499. Suppose 0 = -r - 8*r + 117. Calculate the greatest common divisor of y and r.
13
Let j(k) = -k**3 + 18*k**2 - 26*k - 33. Let x be j(14). Suppose x = 25*v - 16*v. What is the greatest common factor of 215 and v?
43
Let t(a) = -a + 51. Let b be t(17). Suppose -86 = -g - b. What is the greatest common factor of 13 and g?
13
Let o be (56/35)/(2/(-1285)). Let f = -428 - o. Calculate the highest common divisor of f and 75.
75
Suppose 0 = 8*k - 19 - 13. Let y be (1 - 4)*(-3 + k) + 16. What is the highest common factor of y and 221?
13
Suppose 0 = m - 4*g + 62 - 337, 3*m - 860 = 5*g. What is the highest common factor of 20 and m?
5
Let n(u) = 58*u + 185. Let y be n(-3). Suppose 13*i - 5*i = 1408. What is the greatest common divisor of y and i?
11
Let l = 2637 + -2535. What is the greatest common factor of 78 and l?
6
Suppose 1499*i = 1512*i - 11726. Calculate the greatest common factor of i and 697.
41
Let h be (1 - 15/6)*(1187690/21)/(-19). Calculate the highest common divisor of h and 285.
95
Suppose 0 = -9*p + 2468 + 1186. Let j = p + -394. What is the highest common factor of j and 42?
6
Let x be 5/(10/4) - -4. Suppose -l - l = 4*j, 4*j + 12 = 0. Suppose -100 = -l*w + 8. Calculate the greatest common factor of w and x.
6
Let w = -223 + 339. Let s(y) = -11*y**3 + y**2 - 4*y + 4. Let d be s(2). Let q = d + w. Calculate the greatest common factor of 196 and q.
28
Let h(s) = -3*s - 2 - 16*s + 3*s. Suppose 58*n + 25 = -33. Let o be h(n). What is the greatest common divisor of 7 and o?
7
Suppose -8*a + 2563 = 3*a. Suppose 0 = 12*n - 14*n + 676. Let b = n - a. Calculate the highest common divisor of 15 and b.
15
Suppose -2*j + 1 = a + j, 0 = -a + 5*j + 9. Let g be (a/10)/(10/275). Calculate the highest common factor of g and 4.
1
Let v(i) = -79*i - 8027. Let h be v(-103). Calculate the highest common factor of h and 13365.
55
Let a be (3/(-6) + (-52)/(-16))/(23/276). Calculate the greatest common factor of 8019 and a.
33
Let b(c) = -35*c + 241. Let o be b(6). Let i = -1074 + 1570. What is the highest common factor of i and o?
31
Let w = 23263 - 23178. What is the highest common factor of 21760 and w?
85
Suppose 11002*v = 11005*v - 8418. What is the highest common factor of 138 and v?
46
Let c = 5241 + -3333. Calculate the greatest common divisor of c and 24.
12
Let d(j) = -j**3 + 67*j**2 - 269*j + 231. Let g be d(62). Calculate the greatest common factor of 94 and g.
47
Let h(g) = 74*g**2 + 13*g + 143. Let p be h(-6). Suppose 0 = 3*k - p - 316. Calculate the greatest common factor of 35 and k.
35
Suppose 45*o - 11328 = -132*o. Calculate the greatest common factor of o and 3600.
16
Let z(q) = q**2 - 3*q - 1. Let n(m) = 4*m + 118. Let g be n(-28). Let c be z(g). What is the highest common divisor of 527 and c?
17
Suppose -24*z - 178 = -34*z - 48. What is the greatest common divisor of 22464 and z?
13
Let d be ((-158)/(-4) + -7)/(6/492). Calculate the highest common divisor of d and 65.
65
Let q = 8 - 5. Let r be 2 + ((-3 + 3)/(-4) - 0). Suppose q*x = -4*o - 4 + r, 0 = 2*x + 4. What is the highest common factor of 4 and o?
1
Suppose -6*k = -4*k - 184. Let t be 10/(-25) + k/5. What is the highest common divisor of t and 36?
18
Suppose 2*c + 2*c = 2*f + 2, 2*c - 2 = 2*f. Let l